 - -6. Suppose 7*b - 32 = c*b. Suppose 5*i - b = 7. List the prime factors of i.
3
Let j be 60/9*(-6)/4. Let f(l) = l**2 + 9*l - 2. List the prime factors of f(j).
2
Let y(u) = -5*u**3 - 2*u**2 - 2*u + 1. Let f be 18/8 + 3/(-12). Let d be y(f). What are the prime factors of d/(-4) - (-1)/4?
13
Suppose -12 = -4*k + k. Suppose k*p = -p - 5. List the prime factors of -3 - 2/p - -8.
7
Let p(c) = -3*c + 2. Suppose 2*f = 4*m - 3*f - 1, -m = -2*f + 2. Suppose -4*g = -4*l - 6*g - 18, -3*l - 16 = m*g. What are the prime factors of p(l)?
2, 7
Let q be (6/4)/(4/8). Suppose 0*f + q*f = 30. Let d = f + -4. What are the prime factors of d?
2, 3
Let d = -39 + 48. What are the prime factors of d?
3
Suppose -4 = -4*m, r + 2*r + 4*m = 79. What are the prime factors of r?
5
Let l(r) = -r - r - r - 5 + 0*r. List the prime factors of l(-5).
2, 5
Suppose 0 = -2*c - 4, 4*r + r - 3*c - 276 = 0. Suppose r = 4*l - 54. Suppose -5*g + 23 = -l. What are the prime factors of g?
2, 5
Suppose -3*s - 2*s + 35 = 0. List the prime factors of s.
7
Suppose -3*z - 2*s = -38, -2*z + 4*s + 100 = 3*z. Suppose 3*h + 10 = 3*u - 5, h - z = -2*u. What are the prime factors of u?
7
Let z be 16/10 - 12/(-30). What are the prime factors of z/6 - 140/(-12)?
2, 3
What are the prime factors of 4/(-6) + 2270/30?
3, 5
Let w(i) = -i**2 + 12*i - 10. List the prime factors of w(9).
17
Let z(g) = g**2 + 8*g + 7. Let m = 1 - 10. List the prime factors of z(m).
2
Let a = 231 + -164. List the prime factors of a.
67
Let p(o) = o**3 - 7*o**2 - o + 9. Let i be p(7). Suppose -u + 96 = i*u. Suppose 4*r = -4*v + u, 4*r - 3 + 13 = 2*v. What are the prime factors of v?
7
Let a(h) = h**2 - 4*h - 2. Let c be a(5). Let l(z) = -z**2 - 5*z + 1. Let k be l(-4). Suppose -37 - c = -k*o. What are the prime factors of o?
2
Let q = 7 + -5. Suppose q*s + s = 30. Suppose -1 = 3*x - s. List the prime factors of x.
3
Let j = 5 + 360. List the prime factors of j.
5, 73
List the prime factors of ((-6)/5)/((-3)/130).
2, 13
Let r = -8 + 18. Suppose 2*l = 2*t + 11 + 3, -5*t - 4*l - 35 = 0. Let h = t + r. List the prime factors of h.
3
Let y = 8 - 14. Let a = y + 11. List the prime factors of a.
5
Let j = -53 + 74. Let i = j + -15. What are the prime factors of i?
2, 3
Let x(h) = -2*h - 5. Let n be x(-4). Let a = 4 - n. What are the prime factors of (a/(-3))/((-2)/66)?
11
Suppose 0 = 4*l - 5*l - 57. Let j = -33 - l. List the prime factors of j.
2, 3
Suppose 4 = -5*m + 2*v, 5 = 3*m + v + 3. Let q be (-3 - m) + 3*2. Suppose -5*d + 17 = -2*a, 0 = -q*d - 2*a - 2*a + 31. List the prime factors of d.
5
Let p = -20 - -70. What are the prime factors of p?
2, 5
Let k be (-1 - -6)/(2 + -1). Suppose -k*h + 0 = -45. List the prime factors of h.
3
List the prime factors of ((-309)/(-12) + (-6)/8)*1.
5
Let t be (-3)/(9/6) + 0. Let b(a) = a**3 + 3*a**2 + a - 2. Let c be b(t). Let f = 15 - c. List the prime factors of f.
3, 5
Let j = -21 - -12. Let g be (-10)/(-9)*-6*3. Let n = j - g. What are the prime factors of n?
11
Let c = -4 - -14. List the prime factors of (-6)/15 + 284/c.
2, 7
Suppose 3 + 1 = -u. Let z(x) = -x**3 - 5*x**2 - 5*x - 3. Let p be z(u). Let k = p - -5. List the prime factors of k.
2, 3
Suppose -5*x + 300 = 5*j, 201 = x + 2*x - 4*j. List the prime factors of x.
3, 7
Suppose 2*r + 0*r - 3*z = 0, -z = 0. Suppose -4*c = 3*l + 7, r = 2*c - 4*l - 24 - 0. What are the prime factors of (-2)/((-6)/27) + c?
11
Suppose 0 = -n - 3*n - 12, 0 = -3*y - 3*n + 3. What are the prime factors of y?
2
Let v(o) = -25*o. What are the prime factors of v(-1)?
5
Let r(w) = 8*w**2 + 4*w - 6. List the prime factors of r(3).
2, 3, 13
Let x = -25 - -1. Let w = 39 + x. What are the prime factors of w?
3, 5
Let f(y) = y**2 + 8*y - 4. Let w be f(-7). Let d = w - -15. Suppose h - d - 7 = -o, 5*o = h + 31. What are the prime factors of o?
7
Suppose -3*h = -0 + 3, 4*r + 4*h = 308. List the prime factors of r.
2, 3, 13
Suppose -11 = o + 1. Let v be (o/9)/(2/(-3)). Let c(l) = 4*l - 2. What are the prime factors of c(v)?
2, 3
Let x be (-11)/(-4) - 3/(-12). Suppose x*c + 5 = 14. List the prime factors of c.
3
Suppose -3*v - 4*s - 226 = -6*v, -154 = -2*v + 2*s. List the prime factors of v.
2, 41
Let q = -23 - -12. Let d = 18 + q. What are the prime factors of d?
7
Let w(c) = -8*c - 4. List the prime factors of w(-4).
2, 7
Let y = 1 - 0. Let i(p) = 24*p**3 - 2*p + 1. List the prime factors of i(y).
23
Suppose -6*h + h + 3*n + 98 = 0, h = 5*n + 2. What are the prime factors of h?
2, 11
Suppose -2*t - 2*v - 14 = 0, -3*v - 25 = 4*t - 1. Let r = 5 + t. List the prime factors of r.
2
Suppose 26 + 14 = 4*m. Suppose n = l + 13, -n + m = l + 1. List the prime factors of n.
11
Suppose -a = -0 - 3. Let n = a - 5. Let b = 7 + n. List the prime factors of b.
5
Let g(i) = -8*i - 38. List the prime factors of g(-12).
2, 29
Suppose -w + 125 = 16. What are the prime factors of w?
109
Let z(x) = -x**2 - 8*x - 2. What are the prime factors of z(-5)?
13
Suppose 3*y + 5*g - 31 = 0, 3*y = 2*y + 4*g - 18. Let n = y + 8. What are the prime factors of n?
2, 5
Suppose 5*o + 18 - 33 = 0. Suppose 17 = o*q - 1. List the prime factors of q.
2, 3
Let o(g) = 3*g**2 - 5*g - 7. Let d be o(5). Suppose -7 = 4*u - d. Let l = u + 3. What are the prime factors of l?
2, 3
List the prime factors of -1*2*749/(-14).
107
Let d = -3 - -4. Let c = d + 18. Suppose -t = 5*h - 4*h - 14, 0 = 2*t - h - c. What are the prime factors of t?
11
Suppose 0 = -0*z + 7*z - 49. What are the prime factors of z?
7
Suppose 0 = -4*d - 4*q + 36, -3*d + 4*d = -2*q + 13. What are the prime factors of d?
5
Let m(g) = g**3 + 5*g**2 - 2*g - 3. Let s be m(-5). Let f = s - -4. List the prime factors of f.
11
Suppose 2*z - 5*m = 125, -4*m - 162 = -2*z - 38. What are the prime factors of z?
2, 3, 5
Suppose q = 2*q - 54. What are the prime factors of q?
2, 3
Suppose 5*a = -20 - 15. Let n = a + 14. What are the prime factors of n?
7
Suppose 12*o - 8*o - 312 = 0. What are the prime factors of o?
2, 3, 13
Let m(o) = -o + 16. Let t be m(12). Suppose 0 = 3*w - 2*w - 2. Suppose -w*a = 5*p - p + 10, 15 = -a - t*p. List the prime factors of a.
5
Suppose -3*v = -v + 12. Let m(z) be the first derivative of -z**2/2 + z - 46. List the prime factors of m(v).
7
Let c = -5 - 9. What are the prime factors of 12/42 - 556/c?
2, 5
Let w(y) = 4*y**2 + 2*y + 6. What are the prime factors of w(-3)?
2, 3
Suppose 5*y = -3*n + 18, 2*y = 7*y + 5*n - 20. Let j(h) = h - 2. Let v be j(7). Suppose 3*d + y*m = 30, v*d = 2*m + 6 + 30. List the prime factors of d.
2
Let r be (-45)/6 + (-2)/(-4). Let b = 11 + r. What are the prime factors of 0 + (1 - 1) + b?
2
Let a = 6 - 5. Suppose 5*x = -a + 46. What are the prime factors of x?
3
Let h(j) = 2*j**2 - 2*j + 4. List the prime factors of h(4).
2, 7
Suppose 3*t + k - 51 - 10 = 0, -39 = -2*t + k. Suppose 0*p - 8 = -p. What are the prime factors of 5/t + 62/p?
2
Suppose 7*q = 2*q - 45. Let x = 13 + q. Suppose -x*z = 4*d, -3*d = 5*z - 4 - 0. What are the prime factors of z?
2
Suppose 0*i = -5*i + 520. What are the prime factors of i?
2, 13
Suppose -4 = -w + 13. What are the prime factors of w?
17
Suppose 2*a = 2*o + 40, -2*o - 15 = 2*a + a. What are the prime factors of (-2)/((o/9)/5)?
2, 3
Let i = 2 + -3. List the prime factors of 12 - (i - (2 + -2)).
13
Let q(u) = u - 7. Let k be q(10). What are the prime factors of (2 + 31)*1/k?
11
Let z(k) = -k**3 - 4*k**2 + 2*k - 7. Suppose 3*d = 2*o - 23, 0 = -o - d - 1. Suppose 0 = o*j - 3*h + h + 12, 5*h - 5 = 5*j. What are the prime factors of z(j)?
2
Let b(t) = 25*t + 1. Let q be b(2). Suppose -q = -0*w - 3*w. Let s = w + -9. What are the prime factors of s?
2
Let a(j) = 42*j + 42. Let v(f) = 6*f + 6. Let m(q) = -4*a(q) + 27*v(q). Let r be m(-6). Let u = -21 + r. What are the prime factors of u?
3
What are the prime factors of (-3)/(-3) - (-2 + -20)?
23
Let k(x) = 2*x**2 - 3*x - 1. What are the prime factors of k(-2)?
13
Let b = 25 - 16. Let k = 17 - b. List the prime factors of k.
2
Suppose 1614 = -9*j + 15*j. What are the prime factors of j?
269
Let p = -13 - -18. Suppose 0 = t - p - 17. What are the prime factors of t?
2, 11
Let o be ((-3)/4 - 0)*-4. Suppose -3*t - 10 = -2*q, -12 = 2*q - 3*q + 5*t. Suppose -l - 2 = -q*l, s - o = l. What are the prime factors of s?
5
Suppose -2*v 